{"id":66,"date":"2020-04-05T17:27:00","date_gmt":"2020-04-05T17:27:00","guid":{"rendered":"https:\/\/pood.annaedasi.ee\/?post_type=product&#038;p=66"},"modified":"2025-03-29T18:39:12","modified_gmt":"2025-03-29T16:39:12","slug":"murakatort-700-g","status":"publish","type":"product","link":"https:\/\/pood.annaedasi.ee\/?product=murakatort-700-g","title":{"rendered":"Muraka-kodujuustu tort"},"content":{"rendered":"","protected":false},"excerpt":{"rendered":"<p>Iga pidulaua kuninglik ehe!<\/p>\n<p>Tordip\u00f5hi on valmistatud digestiivk\u00fcpsistest ja v\u00f5ist. Teine kiht sisaldab kodujuustu, hapukoort, taimset vahukoort, suhkrut, murakamoosi ning murakalik\u00f6\u00f6ri. Tort on pealt kaetud murakamoosi ja \u017eeleega. \u00dches tordis on 350g head murakamoosi.\u00a0V\u00e4ga maitsev!<\/p>\n<p>KOOSTIS: V\u00f5i, digestiivk\u00fcpsiseid, kodujuust, murakamoos, taimne vahukoor, hapukoor, suhkur, murakalik\u00f6\u00f6ri, \u017eelatiin, vesi.<\/p>\n<h5><strong>0,8 kg kuni 7-le inimesele<\/strong><\/h5>\n<h5><strong>1,6 kg kuni 14-le inimesele<\/strong><\/h5>\n","protected":false},"featured_media":111,"template":"","meta":[],"product_brand":[],"product_cat":[24],"product_tag":[],"class_list":{"0":"post-66","1":"product","2":"type-product","3":"status-publish","4":"has-post-thumbnail","6":"product_cat-tordid","8":"first","9":"instock","10":"shipping-taxable","11":"purchasable","12":"product-type-variable"},"jetpack_sharing_enabled":true,"_links":{"self":[{"href":"https:\/\/pood.annaedasi.ee\/index.php?rest_route=\/wp\/v2\/product\/66","targetHints":{"allow":["GET"]}}],"collection":[{"href":"https:\/\/pood.annaedasi.ee\/index.php?rest_route=\/wp\/v2\/product"}],"about":[{"href":"https:\/\/pood.annaedasi.ee\/index.php?rest_route=\/wp\/v2\/types\/product"}],"wp:featuredmedia":[{"embeddable":true,"href":"https:\/\/pood.annaedasi.ee\/index.php?rest_route=\/wp\/v2\/media\/111"}],"wp:attachment":[{"href":"https:\/\/pood.annaedasi.ee\/index.php?rest_route=%2Fwp%2Fv2%2Fmedia&parent=66"}],"wp:term":[{"taxonomy":"product_brand","embeddable":true,"href":"https:\/\/pood.annaedasi.ee\/index.php?rest_route=%2Fwp%2Fv2%2Fproduct_brand&post=66"},{"taxonomy":"product_cat","embeddable":true,"href":"https:\/\/pood.annaedasi.ee\/index.php?rest_route=%2Fwp%2Fv2%2Fproduct_cat&post=66"},{"taxonomy":"product_tag","embeddable":true,"href":"https:\/\/pood.annaedasi.ee\/index.php?rest_route=%2Fwp%2Fv2%2Fproduct_tag&post=66"}],"curies":[{"name":"wp","href":"https:\/\/api.w.org\/{rel}","templated":true}]}}