{"id":64,"date":"2020-04-05T17:05:26","date_gmt":"2020-04-05T17:05:26","guid":{"rendered":"https:\/\/pood.annaedasi.ee\/?post_type=product&#038;p=64"},"modified":"2025-03-29T17:54:10","modified_gmt":"2025-03-29T15:54:10","slug":"karamellitort-700-g","status":"publish","type":"product","link":"https:\/\/pood.annaedasi.ee\/?product=karamellitort-700-g","title":{"rendered":"Karamellitort"},"content":{"rendered":"","protected":false},"excerpt":{"rendered":"<p>K\u00fcpsise p\u00f5hjale on sulatatud karamelli\u0161okolaadi, v\u00f5i ja kohvikoore segu,<br \/>\nmilles on ka suut\u00e4is Amarulat. Tort on pealt kaunistatud maitsvate soolakarmelli pallikestega. Hea valik \u0161okolaadi s\u00f5pradele.<\/p>\n<p>KOOSTIS: v\u00f5i, klassikaline Kalevi k\u00fcpsis, kohvikoor, karamelli\u0161okolaad, Amarula lik\u00f6\u00f6r, soolakaramelli pallikesed<\/p>\n<h5><strong>0,8 kg kuni 10-le inimesele<\/strong><\/h5>\n<h5><strong>1,6 kg kuni 20-le inimesele<\/strong><\/h5>\n","protected":false},"featured_media":112,"template":"","meta":[],"product_brand":[],"product_cat":[24],"product_tag":[],"class_list":{"0":"post-64","1":"product","2":"type-product","3":"status-publish","4":"has-post-thumbnail","6":"product_cat-tordid","8":"first","9":"instock","10":"shipping-taxable","11":"purchasable","12":"product-type-variable"},"jetpack_sharing_enabled":true,"_links":{"self":[{"href":"https:\/\/pood.annaedasi.ee\/index.php?rest_route=\/wp\/v2\/product\/64","targetHints":{"allow":["GET"]}}],"collection":[{"href":"https:\/\/pood.annaedasi.ee\/index.php?rest_route=\/wp\/v2\/product"}],"about":[{"href":"https:\/\/pood.annaedasi.ee\/index.php?rest_route=\/wp\/v2\/types\/product"}],"wp:featuredmedia":[{"embeddable":true,"href":"https:\/\/pood.annaedasi.ee\/index.php?rest_route=\/wp\/v2\/media\/112"}],"wp:attachment":[{"href":"https:\/\/pood.annaedasi.ee\/index.php?rest_route=%2Fwp%2Fv2%2Fmedia&parent=64"}],"wp:term":[{"taxonomy":"product_brand","embeddable":true,"href":"https:\/\/pood.annaedasi.ee\/index.php?rest_route=%2Fwp%2Fv2%2Fproduct_brand&post=64"},{"taxonomy":"product_cat","embeddable":true,"href":"https:\/\/pood.annaedasi.ee\/index.php?rest_route=%2Fwp%2Fv2%2Fproduct_cat&post=64"},{"taxonomy":"product_tag","embeddable":true,"href":"https:\/\/pood.annaedasi.ee\/index.php?rest_route=%2Fwp%2Fv2%2Fproduct_tag&post=64"}],"curies":[{"name":"wp","href":"https:\/\/api.w.org\/{rel}","templated":true}]}}