{"id":43,"date":"2020-04-02T20:57:33","date_gmt":"2020-04-02T20:57:33","guid":{"rendered":"https:\/\/pood.annaedasi.ee\/?post_type=product&#038;p=43"},"modified":"2024-02-01T14:41:54","modified_gmt":"2024-02-01T12:41:54","slug":"rabarberi-vaarikakook-700-g","status":"publish","type":"product","link":"https:\/\/pood.annaedasi.ee\/?product=rabarberi-vaarikakook-700-g","title":{"rendered":"Rabarberi-vaarikakook &#8211; 700 g"},"content":{"rendered":"<p>Lihtne rabarberikook. Aluskiht on v\u00f5iga tehtud liivatainast. Vahekiht koosneb rabarberit\u00fckkidest ja keedisest ning vaarikatest, millele on peale puistatud jahusuhkru-v\u00f5ipuru. Purukooki on k\u00f5ige maitsvam s\u00fc\u00fca soojalt koos vahukoore v\u00f5i j\u00e4\u00e4tisega.<\/p>\n<p>KOOSTIS: v\u00f5i, rabarberikeedis, vaarikad, t\u00fckeldatud rabarber, jahu, suhkur, k\u00fcpsetuspulber, sool, muna.<\/p>\n","protected":false},"excerpt":{"rendered":"<p>Lihtne rabarberikook. Aluskiht on v\u00f5iga tehtud liivatainast. Vahekiht koosneb rabarberit\u00fckkidest ja keedisest ning vaarikatest, millele on peale puistatud jahusuhkru-v\u00f5ipuru. Purukooki on k\u00f5ige maitsvam s\u00fc\u00fca soojalt koos vahukoore v\u00f5i j\u00e4\u00e4tisega. KOOSTIS: v\u00f5i, rabarberikeedis, vaarikad, t\u00fckeldatud rabarber, jahu, suhkur, k\u00fcpsetuspulber, sool, muna.<\/p>\n","protected":false},"featured_media":275,"template":"","meta":[],"product_brand":[],"product_cat":[17],"product_tag":[],"class_list":{"0":"post-43","1":"product","2":"type-product","3":"status-publish","4":"has-post-thumbnail","6":"product_cat-koogid","8":"first","9":"instock","10":"shipping-taxable","11":"purchasable","12":"product-type-simple"},"jetpack_sharing_enabled":true,"_links":{"self":[{"href":"https:\/\/pood.annaedasi.ee\/index.php?rest_route=\/wp\/v2\/product\/43","targetHints":{"allow":["GET"]}}],"collection":[{"href":"https:\/\/pood.annaedasi.ee\/index.php?rest_route=\/wp\/v2\/product"}],"about":[{"href":"https:\/\/pood.annaedasi.ee\/index.php?rest_route=\/wp\/v2\/types\/product"}],"wp:featuredmedia":[{"embeddable":true,"href":"https:\/\/pood.annaedasi.ee\/index.php?rest_route=\/wp\/v2\/media\/275"}],"wp:attachment":[{"href":"https:\/\/pood.annaedasi.ee\/index.php?rest_route=%2Fwp%2Fv2%2Fmedia&parent=43"}],"wp:term":[{"taxonomy":"product_brand","embeddable":true,"href":"https:\/\/pood.annaedasi.ee\/index.php?rest_route=%2Fwp%2Fv2%2Fproduct_brand&post=43"},{"taxonomy":"product_cat","embeddable":true,"href":"https:\/\/pood.annaedasi.ee\/index.php?rest_route=%2Fwp%2Fv2%2Fproduct_cat&post=43"},{"taxonomy":"product_tag","embeddable":true,"href":"https:\/\/pood.annaedasi.ee\/index.php?rest_route=%2Fwp%2Fv2%2Fproduct_tag&post=43"}],"curies":[{"name":"wp","href":"https:\/\/api.w.org\/{rel}","templated":true}]}}