{"id":396,"date":"2021-04-06T19:08:46","date_gmt":"2021-04-06T16:08:46","guid":{"rendered":"https:\/\/pood.annaedasi.ee\/?post_type=product&#038;p=396"},"modified":"2024-02-01T15:23:05","modified_gmt":"2024-02-01T13:23:05","slug":"tomati-hakklihasupp-1l","status":"publish","type":"product","link":"https:\/\/pood.annaedasi.ee\/?product=tomati-hakklihasupp-1l","title":{"rendered":"Tomati hakklihasupp 1L"},"content":{"rendered":"<p><span style=\"font-weight: 400;\">Punane supp k\u00f6\u00f6giviljade ja riisiga<\/span><\/p>\n<p>Koostis:<span style=\"font-weight: 400;\"> tomat, hakkliha, kartul, porgand, riis, porru, sibul, pipar, \u00fcrdid, sool.<br \/>\n<\/span><\/p>\n<p>Suppe m\u00fc\u00fcme e-poes 1-l kaupa jahutatuna purgis, kohviku men\u00fc\u00fcst saab tellida ka portsjonina sooja suppi<\/p>\n<p>&nbsp;<\/p>\n<p>&nbsp;<\/p>\n","protected":false},"excerpt":{"rendered":"<p>Punane supp k\u00f6\u00f6giviljade ja riisiga Koostis: tomat, hakkliha, kartul, porgand, riis, porru, sibul, pipar, \u00fcrdid, sool. Suppe m\u00fc\u00fcme e-poes 1-l kaupa jahutatuna purgis, kohviku men\u00fc\u00fcst saab tellida ka portsjonina sooja suppi &nbsp; &nbsp;<\/p>\n","protected":false},"featured_media":397,"template":"","meta":[],"product_brand":[],"product_cat":[44],"product_tag":[],"class_list":{"0":"post-396","1":"product","2":"type-product","3":"status-publish","4":"has-post-thumbnail","6":"product_cat-supid","8":"first","9":"instock","10":"shipping-taxable","11":"purchasable","12":"product-type-simple"},"jetpack_sharing_enabled":true,"_links":{"self":[{"href":"https:\/\/pood.annaedasi.ee\/index.php?rest_route=\/wp\/v2\/product\/396","targetHints":{"allow":["GET"]}}],"collection":[{"href":"https:\/\/pood.annaedasi.ee\/index.php?rest_route=\/wp\/v2\/product"}],"about":[{"href":"https:\/\/pood.annaedasi.ee\/index.php?rest_route=\/wp\/v2\/types\/product"}],"wp:featuredmedia":[{"embeddable":true,"href":"https:\/\/pood.annaedasi.ee\/index.php?rest_route=\/wp\/v2\/media\/397"}],"wp:attachment":[{"href":"https:\/\/pood.annaedasi.ee\/index.php?rest_route=%2Fwp%2Fv2%2Fmedia&parent=396"}],"wp:term":[{"taxonomy":"product_brand","embeddable":true,"href":"https:\/\/pood.annaedasi.ee\/index.php?rest_route=%2Fwp%2Fv2%2Fproduct_brand&post=396"},{"taxonomy":"product_cat","embeddable":true,"href":"https:\/\/pood.annaedasi.ee\/index.php?rest_route=%2Fwp%2Fv2%2Fproduct_cat&post=396"},{"taxonomy":"product_tag","embeddable":true,"href":"https:\/\/pood.annaedasi.ee\/index.php?rest_route=%2Fwp%2Fv2%2Fproduct_tag&post=396"}],"curies":[{"name":"wp","href":"https:\/\/api.w.org\/{rel}","templated":true}]}}