{"id":391,"date":"2021-04-06T18:32:47","date_gmt":"2021-04-06T15:32:47","guid":{"rendered":"https:\/\/pood.annaedasi.ee\/?post_type=product&#038;p=391"},"modified":"2024-02-01T14:55:25","modified_gmt":"2024-02-01T12:55:25","slug":"rosolje","status":"publish","type":"product","link":"https:\/\/pood.annaedasi.ee\/?product=rosolje","title":{"rendered":"Rosolje"},"content":{"rendered":"<p><span style=\"font-weight: 400;\">Klassikaline kodune rosolje heeringaga.<\/span><\/p>\n<p><span style=\"font-weight: 400;\">Koostis: kartul, keedupeet, muna, sibul, heeringas, hapukurk, hapukoor, majonees, sool, pipar<\/span><\/p>\n<p>K\u00f5ik salatid on valmistatud k\u00e4sit\u00f6\u00f6na. See t\u00e4hendab, et k\u00f5ik toorained on kohapeal kooritud, keedetud ja t\u00fckeldatud k\u00e4sitsi.<\/p>\n<p>&nbsp;<\/p>\n","protected":false},"excerpt":{"rendered":"<p>Klassikaline kodune rosolje heeringaga. Koostis: kartul, keedupeet, muna, sibul, heeringas, hapukurk, hapukoor, majonees, sool, pipar K\u00f5ik salatid on valmistatud k\u00e4sit\u00f6\u00f6na. See t\u00e4hendab, et k\u00f5ik toorained on kohapeal kooritud, keedetud ja t\u00fckeldatud k\u00e4sitsi. &nbsp;<\/p>\n","protected":false},"featured_media":395,"template":"","meta":[],"product_brand":[],"product_cat":[40],"product_tag":[],"class_list":{"0":"post-391","1":"product","2":"type-product","3":"status-publish","4":"has-post-thumbnail","6":"product_cat-salatid","8":"first","9":"instock","10":"shipping-taxable","11":"purchasable","12":"product-type-variable"},"jetpack_sharing_enabled":true,"_links":{"self":[{"href":"https:\/\/pood.annaedasi.ee\/index.php?rest_route=\/wp\/v2\/product\/391","targetHints":{"allow":["GET"]}}],"collection":[{"href":"https:\/\/pood.annaedasi.ee\/index.php?rest_route=\/wp\/v2\/product"}],"about":[{"href":"https:\/\/pood.annaedasi.ee\/index.php?rest_route=\/wp\/v2\/types\/product"}],"wp:featuredmedia":[{"embeddable":true,"href":"https:\/\/pood.annaedasi.ee\/index.php?rest_route=\/wp\/v2\/media\/395"}],"wp:attachment":[{"href":"https:\/\/pood.annaedasi.ee\/index.php?rest_route=%2Fwp%2Fv2%2Fmedia&parent=391"}],"wp:term":[{"taxonomy":"product_brand","embeddable":true,"href":"https:\/\/pood.annaedasi.ee\/index.php?rest_route=%2Fwp%2Fv2%2Fproduct_brand&post=391"},{"taxonomy":"product_cat","embeddable":true,"href":"https:\/\/pood.annaedasi.ee\/index.php?rest_route=%2Fwp%2Fv2%2Fproduct_cat&post=391"},{"taxonomy":"product_tag","embeddable":true,"href":"https:\/\/pood.annaedasi.ee\/index.php?rest_route=%2Fwp%2Fv2%2Fproduct_tag&post=391"}],"curies":[{"name":"wp","href":"https:\/\/api.w.org\/{rel}","templated":true}]}}